{"id":1334,"date":"2025-12-17T17:19:51","date_gmt":"2025-12-17T15:19:51","guid":{"rendered":"http:\/\/www.kuenstlerhaus-schirnding.de\/wordpress\/?page_id=1334"},"modified":"2026-03-30T07:23:30","modified_gmt":"2026-03-30T05:23:30","slug":"kulturprogramm-2026-sabine-andritzky","status":"publish","type":"page","link":"http:\/\/www.kuenstlerhaus-schirnding.de\/wordpress\/?page_id=1334","title":{"rendered":"Kulturprogramm 2026 &#8211; Sabine Andritzky"},"content":{"rendered":"<p><strong>\u201eInspiration und Gef\u00fchl\u201c<br \/>\nWerke von Sabine Andritzky<br \/>\n<\/strong><strong>Ausstellung vom 18. April bis 17. Mai<\/strong><br \/>\nAusstellungser\u00f6ffnung Sa. 18. April, 19.00 Uhr<br \/>\nMusik: \u201eDAS DUO PN\u201c<br \/>\nAusstellung So. 14.00 \u2013 17.00 Uhr und nach Vereinbarung<br \/>\nOberes Foyer des Gemeindezentrums Hauptstr. 15 in Schirnding<\/p>\n<p><a href=\"http:\/\/www.kuenstlerhaus-schirnding.de\/wordpress\/wp-content\/uploads\/2026\/03\/Sabine_Andritzky_vorne-scaled.jpg\"><img loading=\"lazy\" decoding=\"async\" class=\"aligncenter wp-image-1375 size-medium\" src=\"http:\/\/www.kuenstlerhaus-schirnding.de\/wordpress\/wp-content\/uploads\/2026\/03\/Sabine_Andritzky_vorne-212x300.jpg\" alt=\"\" width=\"212\" height=\"300\" srcset=\"http:\/\/www.kuenstlerhaus-schirnding.de\/wordpress\/wp-content\/uploads\/2026\/03\/Sabine_Andritzky_vorne-212x300.jpg 212w, http:\/\/www.kuenstlerhaus-schirnding.de\/wordpress\/wp-content\/uploads\/2026\/03\/Sabine_Andritzky_vorne-724x1024.jpg 724w, http:\/\/www.kuenstlerhaus-schirnding.de\/wordpress\/wp-content\/uploads\/2026\/03\/Sabine_Andritzky_vorne-768x1087.jpg 768w, http:\/\/www.kuenstlerhaus-schirnding.de\/wordpress\/wp-content\/uploads\/2026\/03\/Sabine_Andritzky_vorne-1085x1536.jpg 1085w, http:\/\/www.kuenstlerhaus-schirnding.de\/wordpress\/wp-content\/uploads\/2026\/03\/Sabine_Andritzky_vorne-1447x2048.jpg 1447w, http:\/\/www.kuenstlerhaus-schirnding.de\/wordpress\/wp-content\/uploads\/2026\/03\/Sabine_Andritzky_vorne-900x1274.jpg 900w, http:\/\/www.kuenstlerhaus-schirnding.de\/wordpress\/wp-content\/uploads\/2026\/03\/Sabine_Andritzky_vorne-1280x1812.jpg 1280w, http:\/\/www.kuenstlerhaus-schirnding.de\/wordpress\/wp-content\/uploads\/2026\/03\/Sabine_Andritzky_vorne-scaled.jpg 1809w\" sizes=\"(max-width: 212px) 100vw, 212px\" \/><\/a><\/p>\n<p style=\"text-align: justify;\">Die K\u00fcnstlerin, die nach ihrem erfolgreichen Schulabschluss zun\u00e4chst eine Ausbildung zur Bauzeichnerin absolvierte, hat sich ihre k\u00fcnstlerischen F\u00e4higkeiten autodidaktisch angeeignet. Ohne eine klassische akademische Ausbildung entwickelte sie im Laufe der Jahre ihren eigenen Zugang zur Kunst. Ihre Arbeiten entstehen aus einer Mischung aus Inspiration, Intuition und Gef\u00fchl und lassen sich bewusst keiner festen Stilrichtung zuordnen.<\/p>\n<p style=\"text-align: justify;\">Privat ist die K\u00fcnstlerin gl\u00fccklich verheiratet und<a href=\"http:\/\/www.kuenstlerhaus-schirnding.de\/wordpress\/wp-content\/uploads\/2026\/03\/Vita-Sabine-Bild-3.jpg\"><img loading=\"lazy\" decoding=\"async\" class=\"alignright wp-image-1358 size-medium\" src=\"http:\/\/www.kuenstlerhaus-schirnding.de\/wordpress\/wp-content\/uploads\/2026\/03\/Vita-Sabine-Bild-3-225x300.jpg\" alt=\"\" width=\"225\" height=\"300\" srcset=\"http:\/\/www.kuenstlerhaus-schirnding.de\/wordpress\/wp-content\/uploads\/2026\/03\/Vita-Sabine-Bild-3-225x300.jpg 225w, http:\/\/www.kuenstlerhaus-schirnding.de\/wordpress\/wp-content\/uploads\/2026\/03\/Vita-Sabine-Bild-3-768x1024.jpg 768w, http:\/\/www.kuenstlerhaus-schirnding.de\/wordpress\/wp-content\/uploads\/2026\/03\/Vita-Sabine-Bild-3-1152x1536.jpg 1152w, http:\/\/www.kuenstlerhaus-schirnding.de\/wordpress\/wp-content\/uploads\/2026\/03\/Vita-Sabine-Bild-3-900x1200.jpg 900w, http:\/\/www.kuenstlerhaus-schirnding.de\/wordpress\/wp-content\/uploads\/2026\/03\/Vita-Sabine-Bild-3.jpg 1200w\" sizes=\"(max-width: 225px) 100vw, 225px\" \/><\/a> Mutter von zwei erwachsenen T\u00f6chtern. Neben ihrem erfolgreichen Kleinunternehmen als Hausfrau hat sie sich parallel dazu immer wieder Zeit und Raum f\u00fcr ihre kreative Leidenschaft geschaffen. Die Kunst wurde dabei zu einem wichtigen Ausdrucksmittel ihrer pers\u00f6nlichen Wahrnehmung und Empfindungen.<\/p>\n<p style=\"text-align: justify;\">Der Titel der Ausstellung \u201eInspiration und Gef\u00fchl\u201c beschreibt zugleich das zentrale Thema der pr\u00e4sentierten Werke. Inspiration wird allgemein als eine Eingebung verstanden \u2013 ein unerwarteter Einfall oder ein Ausgangspunkt f\u00fcr k\u00fcnstlerische Kreativit\u00e4t. Gef\u00fchle hingegen bilden einen psychologischen Oberbegriff f\u00fcr eine Vielzahl menschlicher Erfahrungen und Reaktionen, etwa Angst, \u00c4rger, Komik, Mitleid, Eifersucht, Furcht, Freude oder Liebe. In ihren Arbeiten versucht die K\u00fcnstlerin, genau diese Spannbreite menschlicher Emotionen sichtbar und erlebbar zu machen.<\/p>\n<p style=\"text-align: justify;\">Dabei arbeitet sie mit unterschiedlichen Techniken und Materialien, die je nach Idee und Stimmung zum Einsatz kommen. Ihre Werke entstehen oft intuitiv und spiegeln Momentaufnahmen von Gedanken, Eindr\u00fccken und emotionalen Zust\u00e4nden wider. Das Ergebnis sind ausdrucksstarke Bilder, die den Betrachter dazu einladen, eigene Gef\u00fchle und Interpretationen zu entdecken.<\/p>\n<p><a href=\"http:\/\/www.kuenstlerhaus-schirnding.de\/wordpress\/wp-content\/uploads\/2026\/03\/DUO-PN.jpg\"><img loading=\"lazy\" decoding=\"async\" class=\"alignleft wp-image-1359 size-medium\" src=\"http:\/\/www.kuenstlerhaus-schirnding.de\/wordpress\/wp-content\/uploads\/2026\/03\/DUO-PN-300x300.jpg\" alt=\"\" width=\"300\" height=\"300\" srcset=\"http:\/\/www.kuenstlerhaus-schirnding.de\/wordpress\/wp-content\/uploads\/2026\/03\/DUO-PN-300x300.jpg 300w, http:\/\/www.kuenstlerhaus-schirnding.de\/wordpress\/wp-content\/uploads\/2026\/03\/DUO-PN-1024x1024.jpg 1024w, http:\/\/www.kuenstlerhaus-schirnding.de\/wordpress\/wp-content\/uploads\/2026\/03\/DUO-PN-150x150.jpg 150w, http:\/\/www.kuenstlerhaus-schirnding.de\/wordpress\/wp-content\/uploads\/2026\/03\/DUO-PN-768x768.jpg 768w, http:\/\/www.kuenstlerhaus-schirnding.de\/wordpress\/wp-content\/uploads\/2026\/03\/DUO-PN-88x88.jpg 88w, http:\/\/www.kuenstlerhaus-schirnding.de\/wordpress\/wp-content\/uploads\/2026\/03\/DUO-PN-900x900.jpg 900w, http:\/\/www.kuenstlerhaus-schirnding.de\/wordpress\/wp-content\/uploads\/2026\/03\/DUO-PN.jpg 1248w\" sizes=\"(max-width: 300px) 100vw, 300px\" \/><\/a><\/p>\n<p style=\"text-align: justify;\"><strong>&#8222;DAS DUO PN&#8220;<\/strong><br \/>\nLieder aus den Genres Jazz, Pop und Folk, Bekanntes und Interessantes sowie Eigenkompositionen klanglich eingef\u00e4rbt durch die individuelle Interpretation der S\u00e4ngerin Birgit Prei\u00df und des Gitarristen Matthias N\u00fcrnberger.<\/p>\n","protected":false},"excerpt":{"rendered":"<p>\u201eInspiration und Gef\u00fchl\u201c Werke von Sabine Andritzky Ausstellung vom 18. April bis 17. Mai Ausstellungser\u00f6ffnung Sa. 18. April, 19.00 Uhr Musik: \u201eDAS DUO PN\u201c Ausstellung So. 14.00 \u2013 17.00 Uhr und nach Vereinbarung Oberes Foyer des Gemeindezentrums Hauptstr. 15 in Schirnding Die K\u00fcnstlerin, die nach ihrem erfolgreichen Schulabschluss zun\u00e4chst eine Ausbildung zur Bauzeichnerin absolvierte, hat [&hellip;]<\/p>\n","protected":false},"author":1,"featured_media":0,"parent":1326,"menu_order":1,"comment_status":"closed","ping_status":"closed","template":"","meta":{"footnotes":"","_links_to":"","_links_to_target":""},"_links":{"self":[{"href":"http:\/\/www.kuenstlerhaus-schirnding.de\/wordpress\/index.php?rest_route=\/wp\/v2\/pages\/1334"}],"collection":[{"href":"http:\/\/www.kuenstlerhaus-schirnding.de\/wordpress\/index.php?rest_route=\/wp\/v2\/pages"}],"about":[{"href":"http:\/\/www.kuenstlerhaus-schirnding.de\/wordpress\/index.php?rest_route=\/wp\/v2\/types\/page"}],"author":[{"embeddable":true,"href":"http:\/\/www.kuenstlerhaus-schirnding.de\/wordpress\/index.php?rest_route=\/wp\/v2\/users\/1"}],"replies":[{"embeddable":true,"href":"http:\/\/www.kuenstlerhaus-schirnding.de\/wordpress\/index.php?rest_route=%2Fwp%2Fv2%2Fcomments&post=1334"}],"version-history":[{"count":15,"href":"http:\/\/www.kuenstlerhaus-schirnding.de\/wordpress\/index.php?rest_route=\/wp\/v2\/pages\/1334\/revisions"}],"predecessor-version":[{"id":1378,"href":"http:\/\/www.kuenstlerhaus-schirnding.de\/wordpress\/index.php?rest_route=\/wp\/v2\/pages\/1334\/revisions\/1378"}],"up":[{"embeddable":true,"href":"http:\/\/www.kuenstlerhaus-schirnding.de\/wordpress\/index.php?rest_route=\/wp\/v2\/pages\/1326"}],"wp:attachment":[{"href":"http:\/\/www.kuenstlerhaus-schirnding.de\/wordpress\/index.php?rest_route=%2Fwp%2Fv2%2Fmedia&parent=1334"}],"curies":[{"name":"wp","href":"https:\/\/api.w.org\/{rel}","templated":true}]}}